, v*p + s + s = 2938. What are the prime factors of p/55 + (-4)/(-22)?
2, 3
Let v(b) be the third derivative of -49*b**4/24 - b**3/6 - 8*b**2. Let d be v(-5). Suppose -a - 4*r - 12 + 65 = 0, 5*a - r = d. List the prime factors of a.
7
Let z be (0 - 1)*0/(-2). Suppose -17 = -f + 3*w, z = -f + 2*w + 2*w + 20. Suppose -87 - f = -5*v. List the prime factors of v.
19
Suppose -11*j + 24 = -31. Suppose -j*p + 4*f + 421 = 0, 1 = -5*f + 6. List the prime factors of p.
5, 17
Let g(a) = 13*a + 19. Let c be g(10). Let t = c - 242. Let y = 130 + t. What are the prime factors of y?
37
Let u(c) be the second derivative of -7*c**3/3 - 13*c**2 + 11*c. What are the prime factors of u(-6)?
2, 29
Suppose -p + 3*c = 6*c - 253, -3*c = -3*p + 795. List the prime factors of p.
2, 131
Suppose -a = -4*h - 2213, 2225 = a - 0*h + 2*h. List the prime factors of a.
2221
Let z = -551 + 4393. What are the prime factors of z?
2, 17, 113
Let q(l) = -5*l - 16. Let a(s) = 19*s + 63. Let p(g) = 2*a(g) + 9*q(g). Let o = -1 + -6. List the prime factors of p(o).
31
Suppose -4*p - 4*g = g + 45, -g + 20 = -5*p. Let h(m) = m**3 + 7*m**2 + m + 7. What are the prime factors of h(p)?
2, 13
Let u = 150 - -367. What are the prime factors of u?
11, 47
Let r(t) be the first derivative of -t**2/2 + 7*t - 3. Let a be r(4). Suppose -8 - 7 = -a*k. What are the prime factors of k?
5
Let z = 26 + -10. Let f = z - -65. What are the prime factors of f?
3
Suppose 5*i = -i. Suppose -4*o + 3*o + 141 = i. List the prime factors of 1/(3/o + 0).
47
Let b(h) = 943*h - 199. What are the prime factors of b(3)?
2, 5, 263
Let h(r) = -r**3 + 5*r**2 + 3*r + 18. Let q be h(6). Let y = 49 + -14. Suppose q = -u + y - 3. List the prime factors of u.
2
Suppose 0 = 8*t - 6838 - 330. What are the prime factors of t?
2, 7
Suppose 0 = -2*m - 0*m. Suppose 0 = -40*p + 120*p - 1840. Let s = p - m. List the prime factors of s.
23
Let s = 9047 - 1668. Suppose 0 = -3*j + 8560 + s. What are the prime factors of (-4)/26 - j/(-143)?
37
Let l(v) = 5*v**2 + v - 19. Suppose b = 19 - 24. What are the prime factors of l(b)?
101
Let j be 1 + (161 - -3) + (-16)/(-4). Suppose 3*l - j = -4*c, 4*c - 55 = -l + 3*c. What are the prime factors of l?
3, 17
Let h(z) = -2*z + 11 - 5 - 1. Let j be h(-6). Let g = 29 - j. What are the prime factors of g?
2, 3
Suppose -37*k + 27*k = -4230. What are the prime factors of k?
3, 47
Let r(t) = t**2 - 3*t + 4. Let a be r(3). Suppose -z - 102 = -a*z. Suppose -4*j + 20 = 0, -j + z = 2*m + j. List the prime factors of m.
2, 3
Suppose 4*u + 7*u = 2992. What are the prime factors of u?
2, 17
Let m be (-1 - (-2)/5)/(15/(-4425)). Suppose -3*o + 5*q = -338, 3*o - 177 = -3*q + m. List the prime factors of o.
2, 29
Suppose 36 = -0*o - 9*o. What are the prime factors of (-2)/o - 1533/(-14)?
2, 5, 11
What are the prime factors of 70*22/(-55)*-80?
2, 5, 7
Suppose 4*z + 5*q = 416, -3*z + 161 + 140 = q. What are the prime factors of z?
3, 11
Let a be 1*-3 - 96/(-1). Let w(s) = a - 21*s - 92 - 17*s. What are the prime factors of w(-1)?
3, 13
Let j be (-10)/7 + (-12)/(-28). What are the prime factors of j/6 - (-1554)/36?
43
Suppose 2*k + 16 = -4*u, -u = 2 + 2. Let q = 76 - 72. Suppose q*x + w + 0*w = 113, 3*x + 4*w - 75 = k. List the prime factors of x.
29
Let x(f) = -f**3 - 6*f**2 - 8*f. Let c be x(-5). Let a = -13 + c. List the prime factors of a.
2
Let f be 35/14 + 2/4*-1. Suppose 98 = -f*w + 284. List the prime factors of w.
3, 31
Let i = 1040 - 798. What are the prime factors of i?
2, 11
Let l(n) = 21*n**2 - 4*n + 2. Let f be l(2). Suppose f = 4*s + 2*m, 2*m = 4*s - 0*m - 58. What are the prime factors of s?
17
Let x = 24 + -3. Let o = 23 - x. Suppose 55 + 27 = o*i. List the prime factors of i.
41
Suppose 958*q - 965*q = -20524. What are the prime factors of q?
2, 733
Let c = -224 - -335. List the prime factors of c.
3, 37
Suppose 0 = 6*o + 193 + 47. Let h = -30 - o. List the prime factors of 4 + 2/(h/235).
3, 17
Let d(v) = 104*v + 30. Let g be d(5). Suppose 6*o - g = -5*n + o, 0 = o - 5. What are the prime factors of n?
3, 5, 7
Let b(y) = 11*y**2 + 4*y + 2. Let d = 32 - 34. List the prime factors of b(d).
2, 19
List the prime factors of (9/(-15)*-5)/((-12)/(-1084)).
271
Let k(g) = -g**2 + 8*g + 5. Let l be k(8). Suppose 2*y + 8 = -m, -y - 22 = l*m - 0*m. List the prime factors of ((-52)/8 - -1)*y.
11
Suppose -4 = 3*s - 0*s + 5*n, 0 = -4*s - 5*n - 2. List the prime factors of 54 - 2*(s - (-5)/(-2)).
5, 11
List the prime factors of 676 + (-5*1 - (24 + -28)).
3, 5
Suppose -26*t - 173950 = -97*t. List the prime factors of t.
2, 5, 7
Let a(p) = p**3 - p**2 - 8*p + 6. Let v be a(3). Let i(k) = -2*k**2 - 3*k + 74. List the prime factors of i(v).
2, 37
Suppose 2*b - 10 = -2*k, -4*k + 4*b + 1 + 3 = 0. Suppose -3*g = -8*g + k*p + 180, 2*g - 51 = -3*p. List the prime factors of g.
3, 11
List the prime factors of ((-12)/49)/((-8)/(-28))*-161.
2, 3, 23
Let c be (-1*(-40)/(-5))/2. Let t(v) = -37*v + 2. What are the prime factors of t(c)?
2, 3, 5
Suppose 8*d = 9*d - 51. Let z = -18 + d. List the prime factors of z.
3, 11
Suppose 0 = -3*m + 49 + 8. Let y(v) = v**2 - 18*v + 17. What are the prime factors of y(m)?
2, 3
Suppose 25*x - 56920 - 18280 = 0. What are the prime factors of x?
2, 47
Suppose -3*b - 14*b + 3383 = 0. List the prime factors of b.
199
Let y(k) = -258*k - 20. What are the prime factors of y(-2)?
2, 31
Let p be (-153)/((-1)/6 - (-14)/(-42)). Let f = 498 - p. List the prime factors of f.
2, 3
List the prime factors of (111/(-9))/(3/(-144)).
2, 37
Let z be ((-4)/6)/((-8)/36). Suppose -y = -4*a - 44, y + z*a - 14 = a. Suppose 3*m - y = -0*m. What are the prime factors of m?
2
Suppose -5*w - 93 = 3*v, 3*w - 4*w - 23 = 5*v. Let y be (-2)/3*w/(-12). What are the prime factors of 54/14 - y/7?
2
Suppose -5*a = 4*m + 4 - 35, 5*a - 32 = -3*m. Let x(o) = 5*o + 13. Let n be x(a). Suppose -2*l - 10 = -n. What are the prime factors of l?
19
Let a(c) = -12*c - 1. Let i be a(-7). Suppose j + i = 2*j. What are the prime factors of j?
83
Let w = -47 + 46. List the prime factors of 3344/40 + (6/(-10) - w).
2, 3, 7
Let r(j) = 4*j**2 + 27*j + 21. What are the prime factors of r(-11)?
2, 13
Suppose 0 = -3*i - 2*w - 121 + 3, 0 = 3*w + 15. Let j be -230*(i/15)/6. Suppose -4*d + j = t - 20, 137 = 5*d + 2*t. What are the prime factors of d?
29
Let b be 10*(-3)/(12/(-256)). Suppose -3*w = -4*x + b, 182 + 34 = -w + 2*x. What are the prime factors of (-800)/w - (-2)/13?
2
Let m(i) = -i + 11. Let r be m(9). Suppose r*g + g - 74 = -p, -p - g + 64 = 0. What are the prime factors of p?
59
Suppose s + 90 = -v, -1 + 11 = -2*s. List the prime factors of (v/15)/(2/(-2 - 28)).
5, 17
Let d(u) = -4*u**3 - u - 1. Suppose 0 = 4*q - 1 - 15. Suppose q - 1 = -3*f. What are the prime factors of d(f)?
2
Let p = -11 - -16. Suppose 37 - 2 = p*d. Suppose -6*h - 40 = -d*h. What are the prime factors of h?
2, 5
Let u = 64 - 58. Suppose -135 = u*l - 9*l. List the prime factors of l.
3, 5
Let o = 19 + -17. Suppose 2*k - 94 = -2*g, -o*g + 6*k = 3*k - 89. What are the prime factors of g?
2, 23
Suppose -8424 = 3*l + 3*l. List the prime factors of (-10)/25*1 - l/10.
2, 5, 7
Let k(f) = -f**3 + 38*f**2 - 30*f**2 + 1 + f + 1. List the prime factors of k(8).
2, 5
Let l = 493 + -138. What are the prime factors of l?
5, 71
Suppose 12*s - 1428 = 8*s. Suppose s + 315 = 5*t + 4*u, 268 = 2*t + 2*u. What are the prime factors of t?
2, 17
Suppose -10*n + 988 = -6*n. What are the prime factors of n?
13, 19
Suppose -4*l - w = -4*w - 161, 5*w = 4*l - 151. What are the prime factors of l?
2, 11
Let k(f) = 16*f - 7. Suppose 4*y = y + 9. Let m be k(y). Let s = m + -16. What are the prime factors of s?
5
Suppose -2*r - 4*k = 22, 5*r + 32 + 47 = -2*k. Let t = 129 - r. What are the prime factors of t?
2, 73
Suppose 5*v = -2*y + 13210, v - 3*y + 10568 = 5*v. What are the prime factors of v?
2, 1321
Let n be (-12)/(-5) - (-15)/25. Suppose 0 = -n*c - c + t + 1112, 3*c = -2*t + 845. Suppose 24 = -5*q + c. What are the prime factors of q?
3, 17
Let m(c) = c**2 + 4*c - 2. Let f be m(-3). Let d = 118 + f. What are the prime factors of d?
113
Suppose 0 = -2*w + 9*w - 56. Suppose 0 = w*r - 106 - 262. List the prime factors of r.
2, 23
Let t be 1602/(-10) - (2 - 44/20). Let n = t - -366. What are th